 - 5*h**3/6 - 4*h**2. What is the remainder when 10 is divided by j(11)?
4
Suppose -25 = -3*n + 38. What is the remainder when n is divided by 19?
2
Suppose c + 2*c = 6. Suppose 3 = 4*b + 15. Let u = 5 + b. What is the remainder when c is divided by u?
0
Suppose -2*a + 0 - 4 = 0. Let q(r) = 3*r**2 - 6*r + 3. Let b be q(4). Calculate the remainder when 20 is divided by a/9 - (-303)/b.
9
Suppose -1 = -h + 5*g, -25 = -4*h - 0*g - g. What is the remainder when 20 is divided by h?
2
Let h = 6 + 2. Calculate the remainder when 5/1*(-3 + 6) is divided by h.
7
Let g(j) = -144*j - 14. Let y be g(7). Calculate the remainder when (-2)/10 + y/(-35) is divided by 16.
13
Let b be (1 + 0)*(7 + -6). Let a(t) = t**2 - t + 1. Let o(f) = -2*f**2 + 3*f - 1. Let x(z) = b*o(z) + 3*a(z). What is the remainder when 20 is divided by x(-3)?
9
Let g(h) = 6*h**2 + h. Calculate the remainder when g(-2) is divided by ((6 - -1) + -1)/1.
4
Calculate the remainder when 19 is divided by 3/1 - (0 - 2).
4
Calculate the remainder when 0 - -55 - (-2 - 2) is divided by 15.
14
Let y(z) = 18*z - 1. Calculate the remainder when y(1) is divided by 9.
8
Let b(k) = k**2 - 4*k + 1. Let n = 7 + -4. Let d be b(n). Let a(c) = -10*c + 2. What is the remainder when a(d) is divided by 12?
10
Suppose 0*r = 5*r - 60. Calculate the remainder when (-116)/(-5) - 2/10 is divided by r.
11
Suppose -6*l + 18*l = 204. What is the remainder when (-504)/(-10) + 2/(-5) is divided by l?
16
Let w = 13 - 6. Suppose -4*g + w*g = 159. Calculate the remainder when g is divided by (18/(-7))/((-3)/21).
17
Let b(t) = t**3 - t + 5. What is the remainder when 14 is divided by b(0)?
4
Suppose -4*w = 5*m - 76, 0 = 5*w - w - m - 76. Let z be (-4)/1*(-28)/16. Suppose 0*u = u - z. Calculate the remainder when w is divided by u.
5
Let v = -41 - -64. Calculate the remainder when v is divided by 6.
5
Suppose 46 = -4*k + 5*k. Suppose -22 + 2 = -4*u, -5*a + 3*u - 160 = 0. Let f = a - -45. Calculate the remainder when k is divided by f.
14
Let q(z) = z**2 + 16*z + 6. What is the remainder when q(-17) is divided by 14?
9
Let w(x) = 85*x**3 + 2*x**2 + x - 2. What is the remainder when w(1) is divided by 44?
42
Calculate the remainder when -7*(0 - (-1)/(-1)) is divided by 3.
1
Let n = 27 - 16. Let r(v) = -v**3 + 5*v**2 + 3. Suppose -q + 0*q = -4. What is the remainder when r(q) is divided by n?
8
Suppose w = 4*w. Let b be (-1)/(-1) - (w + 2). Let o(p) = -2*p + 1. What is the remainder when 7 is divided by o(b)?
1
Let g(w) = -3*w + 0*w + 1 - 7*w + 4*w**2 - 2*w**2. Calculate the remainder when 25 is divided by g(6).
12
Suppose 2*z = 2*n + 22, -3*n = -z + 25 + 8. Let t(c) = c**2 + 8*c - 13. Let w = -42 - -81. Calculate the remainder when w is divided by t(n).
19
Suppose -2*z + 168 = -282. Calculate the remainder when 9/12 + z/4 is divided by 20.
17
What is the remainder when ((-10)/30)/((-1)/213) is divided by 12?
11
Suppose -2*v - v = -12. Suppose 4*z = 8 + v. Calculate the remainder when 7 is divided by z.
1
Let m(g) = 3*g**3 - 3*g**2 + g. Calculate the remainder when m(3) is divided by 29.
28
Suppose -w + 314 = w. Let c = -98 + w. What is the remainder when c is divided by 15?
14
Suppose 4*y - 34 = 4*a + 26, 0 = 5*y + 3*a - 35. Calculate the remainder when 53 is divided by y.
3
What is the remainder when 19 is divided by (-1)/2 + (-22)/(-4)?
4
Let x(i) = -i - 3. Let n be x(-6). Let l be -3*(-1)/n + -4. What is the remainder when 26 is divided by (l - 11)*(1 - 2)?
12
Calculate the remainder when 6/9 - 772/(-12) is divided by 23.
19
Let n(r) = 2*r**2 + 2*r - 1. Let c be n(1). Suppose 3*v + 2*x - 27 = 5*x, c = v - 4*x. Calculate the remainder when 30 is divided by v.
8
Suppose -11*t + 684 = -9. What is the remainder when t is divided by 32?
31
Let j = 30 + -27. Let w(r) = 4 - 1 + 2*r - 4. Calculate the remainder when 14 is divided by w(j).
4
Let b(z) = -z - 1. Let v(q) = -11*q + 1. Calculate the remainder when v(-1) is divided by b(-8).
5
Let g(m) = 4*m - 2. Suppose 5*q - 10 = -30. What is the remainder when q/14 + 2475/63 is divided by g(4)?
11
Let n = 114 - 79. What is the remainder when n is divided by 9?
8
Suppose 4*b - 3*u = 182 - 38, 2*b = u + 74. Calculate the remainder when b is divided by 14.
11
Suppose -8*i + 194 = -3*i + 2*q, 123 = 3*i - q. Let k = i - 24. Calculate the remainder when k is divided by 6.
4
Let z = 83 - 58. Let f(m) = m + 4. What is the remainder when z is divided by f(10)?
11
Calculate the remainder when 2 + 8/10 + 3/15 is divided by 3.
0
Suppose -4*k = -k - 12. Suppose y - k*y = -75. Let a(f) = 12*f**2 + 1. Calculate the remainder when y is divided by a(1).
12
Let b(r) = 7*r + 2. Let h(w) = w**3 - 8*w**2 + 11*w - 4. Let y be h(7). Suppose -y = m - 5*m. What is the remainder when b(m) is divided by 15?
14
Let n = 173 - -23. What is the remainder when n is divided by 20?
16
Suppose 0*v = -3*v + 12, h + 3*v = 64. What is the remainder when h is divided by 11?
8
Let y = -15 - -31. Let i be (-2)/5*(5 - 0). Calculate the remainder when 47 is divided by y*(-3)/(i - 1).
15
Let s = 19 + 4. What is the remainder when 43 is divided by s?
20
Suppose 2*r + 17 = d, 16 = -3*d + 5*d + 5*r. Suppose -2 = -x + 2*i - 1, 3*x - i - d = 0. Calculate the remainder when 8 is divided by x.
3
Suppose -2*c + 10 = 2*i, -4*i + 3 + 52 = -3*c. Calculate the remainder when 26 is divided by i.
6
Suppose -30 = -t - 4*t + 3*p, 5*t - 2*p = 25. What is the remainder when 11 is divided by t?
2
Suppose -3*i - i = 0. Let d(w) = w**3 - w**2 - w + 18. Calculate the remainder when d(i) is divided by 5.
3
Suppose 47 = t + z, -4*t + 2*z = -t - 141. Let j(f) = -f**3 + f**2 + 12. What is the remainder when t is divided by j(0)?
11
Let n(d) = -d**3 - 5*d**2 + 6*d + 2. Let l be n(-6). Suppose -5 = -4*m - 1. Let u = m + l. What is the remainder when u is divided by 2?
1
Let w be (4/(-6))/(2/(-3)). Suppose 3*i - 143 = -4*o, 4*i + 16 = o - 15. What is the remainder when o is divided by 12 - 0*w/(-3)?
11
Let m(x) = 10*x**2 + 2*x - 1. Calculate the remainder when m(1) is divided by -2*(-3)/6 + 2.
2
Let g(h) = h. Let p be g(-5). Let z = 10 + p. Let r(f) = f**2 - 5*f + 3. Calculate the remainder when r(6) is divided by z.
4
Suppose 5*h = 10 + 5. Suppose -5*o + 2*f = 27, 5*o + 0*f + 23 = h*f. Let g = 13 + o. What is the remainder when 16 is divided by g?
4
Suppose 3*c + 611 = 5*g, -g - 2*c - 3*c = -111. Let f = g + -39. What is the remainder when f is divided by 21?
19
Let k = 17 + -9. Suppose -5*g + 2 = -k. What is the remainder when 5 is divided by g?
1
Suppose 0 = 3*w - 5*d - 16, -3*w + 4*d + 14 = -0*w. Let l = -1 - w. Let z(c) = -c**3 + 3*c**2 - c + 4. What is the remainder when z(l) is divided by 21?
19
Suppose 3*q + q = 24. Let v(k) = k**2 - 5*k - 3. Calculate the remainder when 4/(-14) - (-60)/14 is divided by v(q).
1
Suppose n = -0*n + 5. Suppose 3*w = i + i - 27, 3*w = -i - 36. Let m = w - -14. What is the remainder when n is divided by m?
2
Suppose 5*m - 225 = 3*f, -2*f + 26 = m - 19. Calculate the remainder when 175 is divided by m.
40
Let n(o) = o**2 - 2*o - 1. Let s be n(4). Let i = 10 - s. What is the remainder when i is divided by 2?
1
Let d(f) = f**3 + 4*f**2 - 2*f + 6. Let v be d(-5). Let x(o) = -o**2 - 10*o + 6. Calculate the remainder when 44 is divided by x(v).
14
Let s be 0/(9/((-18)/8)). Let g(p) = p**2 - 6*p + 3. Let h be g(6). Suppose -o + 3 = -4*y, -h*y = -s*y - 15. What is the remainder when 44 is divided by o?
21
Suppose -3*a + 5*q = -11, 4*a - 4*q - 19 + 7 = 0. Let v(k) = 2*k**2 - 3*k + 3. What is the remainder when v(a) is divided by 2?
1
What is the remainder when (782/(-51))/(2/(-3)) is divided by 13?
10
Suppose -4*h + 2*x + 18 = 0, -2*h = 4*x - 9*x - 21. Let j be 12 + (-3)/((-3)/(-2)). Let k = j - h. Calculate the remainder when 13 is divided by k.
6
Let b(i) = 4*i - 3 + 2 + 3 - 1. Suppose -3*j - 1 = -d - 2*j, 5*j = -2*d + 23. Calculate the remainder when 49 is divided by b(d).
15
Suppose i - 3 = -0*i. Let w = i + 6. Calculate the remainder when 17 is divided by w.
8
Calculate the remainder when ((-2)/(-6))/(1/66) is divided by 5.
2
What is the remainder when 45 is divided by ((-216)/(-63))/((-4)/(-14))?
9
Let s(u) = 22*u**2 + u - 2. Suppose -199 = -16*h + 281. Calculate the remainder when s(2) is divided by h.
28
Let v = 9 + -